
Suppose 2*h - 173 - 713 = -0*h. Calculate the remainder when h is divided by 25.
18
Suppose 5*u + 251 - 271 = 0. Suppose 105 = 3*b + 5*s, 5*b + u*s = 2*b + 105. What is the remainder when 137 is divided by b?
32
Let g = 343 - 234. Suppose -72 = 140*v - 141*v + 7*c, -4*c = -4*v + 144. Calculate the remainder when g is divided by v.
19
Suppose 2*h + 12 = 8*h. Suppose -4*w + 3*y + 433 = -0*w, h*y - 458 = -4*w. Calculate the remainder when w is divided by 57.
55
What is the remainder when 395 is divided by 19/(-2)*(18 - 6 - 14)?
15
What is the remainder when (((-280)/(-8))/(-140))/(2/(-6104)) is divided by 15?
13
Let l = 67 + 35. Let m = -2787 + 2839. Calculate the remainder when l is divided by m.
50
Suppose -511*x + 28199 = -338*x. Calculate the remainder when 11081 is divided by x.
160
Let f be 69/(-92) - (-3 - 1/(-4)). Suppose f*k - 1975 = -575. Calculate the remainder when k is divided by 13.
11
Suppose -97*k = -60*k - 87*k + 15750. Calculate the remainder when k is divided by 173.
142
Suppose 17*l - 4*l - 2080 = 0. What is the remainder when 439 is divided by ((-60)/l - 94/(-16))*2?
10
Let r = -228 - -146. Suppose 48 = n - 5*c, n = -3*n + c + 192. What is the remainder when n is divided by 6/(-9) + r/(-6)?
9
Calculate the remainder when 1484/(-8)*(1 - (-129)/(-21)) - 5 is divided by 25.
24
Suppose 1026*p = 1008*p + 1368. Let d be (-1 - 7/(-1)) + -1. Let o = 8 + d. Calculate the remainder when p is divided by o.
11
Suppose 0 = 20*y - 17*y - 6. Calculate the remainder when -1 + y + -3 + 7 is divided by 4.
1
Calculate the remainder when 464 is divided by 8 + (-1)/(-2)*-18 + 14.
9
Let x(o) = -o**2 - o + 31. What is the remainder when (-171)/(-2) - (-15)/10 is divided by x(0)?
25
Let j(b) = 5*b**2 + 15*b - 5. Let a be j(-7). Let n be a/(-7) + 36/126. Let r(k) = -k**2 - 19*k + 9. What is the remainder when 33 is divided by r(n)?
6
Let p(z) = -57*z - 14. Let l = 596 + -601. Calculate the remainder when p(l) is divided by 21.
19
Let r be (-1 - -40)/(12/(-16)). Let o = -19 - r. Suppose 0 = 2*x + 3*d - 31, 6*d - o = -2*x + d. What is the remainder when 55 is divided by x?
13
Suppose -4*t = -0*t + r + 39, -5*t + 4*r - 54 = 0. Calculate the remainder when (3 - -2)/((-3263)/(-16315)) is divided by ((-3)/2)/(1/t).
10
Suppose 12 = 3*d, -3*g + 71 = 5*d - 3*d. Let y(p) be the first derivative of -p**2/2 + 4*p - 16. Calculate the remainder when g is divided by y(2).
1
Let q(i) be the second derivative of 3*i**5/20 - 7*i**4/6 + 3*i**3/2 + 9*i**2/2 + 75*i. Calculate the remainder when q(6) is divided by 14.
11
Suppose 7*l + 4*x = 4*l + 11, -5*x = -10. What is the remainder when l/(-5) + 684/20 is divided by (-60)/(7 - 2)*-1?
10
Suppose 4*g + 110 = 2*w + 2*g, -2*g + 4 = 0. Suppose -11*t + 167 = w. What is the remainder when 102 is divided by t?
2
Suppose 3*t + 4*c = 42394, -3*c + 22089 = 2*t - 6174. What is the remainder when t is divided by 13?
12
Let w(g) = -g**3 + 17*g**2 - 49*g + 718. What is the remainder when w(13) is divided by 129?
112
Let a(j) = j**2 + 2*j - 6. Let t be a(0). Let p be (-14)/((-4)/(-12)*t/2). Suppose 3*x + 2 - p = 0. What is the remainder when x is divided by 3?
1
Calculate the remainder when (108/168)/3 + 62213/14 is divided by 234.
232
Let j(l) be the second derivative of -4*l**5/5 - l**4/12 - l**3/3 - l**2/2 + l. Let d = 87348 + -87205. Calculate the remainder when d is divided by j(-1).
15
Let y = -22282 - -22372. Let v(x) = x**3 - 4*x**2 + 4. What is the remainder when y is divided by v(5)?
3
Let t(w) = -w**2 + 14*w + 56. Let u be t(17). Suppose 0 = 2*n - d - 29, 2 = n + 2*d - u. Calculate the remainder when 24 is divided by n.
11
Suppose 0 = -3*u + 5*j + 141, -u + 1027*j - 1022*j + 47 = 0. Calculate the remainder when 1125 is divided by u.
44
Let r = -102 - -141. Suppose -3*f = -2*x - 245, -r = -f - 4*x + 24. Let c(n) = n**3 + 11*n**2 + 8. Calculate the remainder when f is divided by c(-11).
7
Suppose 3*z - 1427 = -l, 4*l - 2794 = 5*z + 2948. Calculate the remainder when l is divided by 41.
39
Let t(p) = 2*p**3 + 10*p**2 - 6*p + 46. Calculate the remainder when 495 is divided by t(-6).
5
Suppose 5*k + 9 = 2*k. Let i be (-105)/25 - k/15. Calculate the remainder when 73 - (i - 8/(-1)) is divided by 12.
9
Suppose -u = -5*l + u + 284, -l + 52 = 2*u. Let z = 425 + -39. Let k = -221 + z. What is the remainder when k is divided by l?
53
Suppose 6 = -s + 6. Suppose s = 4*p + p - 10. Suppose 3*n - p = 2*c - 1, -5*c - n = -6. Calculate the remainder when 5 is divided by c.
0
Suppose 201*d - 22904 = 18904. What is the remainder when d is divided by 35?
33
Let k(q) = q**3 - 12*q**2 - 6*q - 55. Calculate the remainder when k(14) is divided by 39/4*12*1/9.
6
Let o(s) = 11471*s - 68819. Let b(g) = -g**3 - 3*g - 4. Suppose -11 = f - 4*f + 4*h, -5*f - 3*h - 30 = 0. Calculate the remainder when b(f) is divided by o(6).
4
Suppose 24 = 2*x + 5*k - 20, 4*x - 72 = -2*k. Suppose x*w = 713 + 1. Suppose -2*a - a + 66 = 0. What is the remainder when w is divided by a?
20
Let s(r) = 72*r**2 + 1. What is the remainder when s(1) is divided by ((2 - 4) + -4)*(-245)/98?
13
Suppose 17616*q - 17607*q - 90 = 0. Let w be 0/(-1 + (0 - 1)). Suppose -4*a - 2 = -z - w*a, -5*a = -q. What is the remainder when z is divided by 6?
4
Let b = 78 - 50. Let s = 30 - b. Suppose 0 = x - s*x + 28. Calculate the remainder when 83 is divided by x.
27
Suppose 4*p + 462 = -p - 3*y, 0 = -3*y - 12. Let l = -47 - p. Suppose 4*h + 4*o = 40, h + 5 = o - 5*o. Calculate the remainder when l is divided by h.
13
Suppose -2*q + 3*n = -173, 30*q + n - 325 = 26*q. What is the remainder when 240 is divided by q?
76
Calculate the remainder when 159 is divided by 3/(-12)*((-1680)/16 - -5).
9
Let u be 10*(16/(-20) - -1). Suppose -c = 2*j + 4 - u, 0 = -2*c + 2*j - 4. Calculate the remainder when 85 - (4 - (c + 4)) is divided by 21.
20
Let w = -339 - -294. Calculate the remainder when (-4203)/w - 6/(-10) - -1 is divided by 12.
11
Suppose 156*t + 5301 = 159*t. Calculate the remainder when t is divided by 104.
103
What is the remainder when 1422 is divided by 2745/(72/(-8))*((-32)/20)/8?
19
Suppose -28 = -84*p + 80*p. Suppose 4*s - 35 = s + 4*v, -2*s - v + 5 = 0. Suppose s*b - 9*b + 8 = 0. Calculate the remainder when p is divided by b.
1
Suppose 429 = -61*q + 2503. What is the remainder when 1495 is divided by q?
33
Suppose -4*m - 21*m = -8675. Let x = 406 - m. What is the remainder when x is divided by 16?
11
Let s(b) = -1077*b + 209. What is the remainder when s(-4) is divided by 133?
128
Suppose 1299 = -g + 1536. Calculate the remainder when g is divided by 61.
54
Let z be 6/12*(1 - -1753). Let k = -683 + z. What is the remainder when k is divided by 63?
5
What is the remainder when 171 is divided by (16/240*-10)/((-2)/12)?
3
Suppose 1 + 4 = u. What is the remainder when (-6 + 36/8)/(((-204)/(-696))/(-17)) is divided by u?
2
Let t(g) = g**3 + 13*g**2 - 2*g - 20. Let b(u) = -2*u - 13. Let z be b(0). Calculate the remainder when (-68)/(-2) + 0 + 1 is divided by t(z).
5
Let o = -56 + 61. Suppose -37 = o*i - 87. Suppose 0 = k + 3*b - 33, k - 5*b + 10 = 3. What is the remainder when k is divided by i?
8
Suppose 0 = -42*m + 213*m - 8023 - 6854. What is the remainder when 92 is divided by m?
5
Suppose 35*v + p - 20 = 31*v, 0 = 2*v + p - 8. Let z be 1/(-3) + 176/6. Suppose -z = -v*y - 5. Calculate the remainder when 15 is divided by y.
3
Let v be (-6 + (-9 - 69))*(-4)/3. Suppose -v = -3*f - 2*i, f + 5 = i + 49. What is the remainder when 199 is divided by f?
39
Suppose -11*b - 48*b + 16482 = -11897. Calculate the remainder when b is divided by 122.
115
What is the remainder when (135 + -137)*(-742)/4 is divided by 13?
7
Let c(u) = 98*u + 292. What is the remainder when c(26) is divided by 158?
154
Let y(j) = -j**2 - 8*j - 2. Suppose -4*o + 1544 = 4*p, 3*p - 1 = 5. Suppose 4*d - o = -4*d. Calculate the remainder when d is divided by y(-6).
8
Let j = 13 - 9. Suppose -j*g + 42 = 10. Suppose 6*l + 123 = 47*l. Calculate the remainder when g is divided by l.
2
Let r(q) = q**2 - 9*q - 18. Let f be r(9). What is the remainder when 63 is divided by -5 - f/6*3?
3
Let u = 295 + -174. Let n = -100 + u. Suppose -5*c + 2*y = -69, -3*y - 21 = -c + y. Calculate the remainder when n is divided by c.
8
Let i(b) = -26*b*